{"id":965,"date":"2021-05-03T23:48:40","date_gmt":"2021-05-04T02:48:40","guid":{"rendered":"https:\/\/healthyoriginsbrasil.com.br\/loja\/?post_type=product&#038;p=965"},"modified":"2025-05-07T10:35:44","modified_gmt":"2025-05-07T13:35:44","slug":"acido-alfa-lipoico-600mg-150-cps","status":"publish","type":"product","link":"https:\/\/healthyoriginsbrasil.com.br\/loja\/produto\/acido-alfa-lipoico-600mg-150-cps\/","title":{"rendered":"\u00c1CIDO ALFA LIP\u00d3ICO 600mg 150 Cps"},"content":{"rendered":"<p>150 C\u00e1psulas<\/p>\n","protected":false},"excerpt":{"rendered":"<h3><strong>Validade do lote atual: 04\/2026<\/strong><\/h3>\n<p><strong><em>Ben\u00e9fico para o metabolismo saud\u00e1vel da glicose.<\/em><\/strong><\/p>\n<p>O \u00c1cido Alfa Lipoico Healthy Origins\u00ae \u00e9 um poderoso antioxidante que funciona sinergicamente com outros<br \/>\nantioxidantes como a vitamina E, Vitamina C e glutationa. *<\/p>\n<p><em>Composi\u00e7\u00e3o: Gelatina (c\u00e1psula), celulose microcristalina e magn\u00e9sio estearato.<br \/>\nN\u00e3o fabricado com trigo, gl\u00faten, soja, leite, derivado de ovo, peixe, marisco, amendoim ou nozes.<\/em><\/p>\n<p><strong><em>Estas declara\u00e7\u00f5es n\u00e3o foram avaliadas pela Food and Drug Administration.<br \/>\nEste produto n\u00e3o se destina a diagnosticar, tratar, curar ou prevenir qualquer doen\u00e7a.<\/em><\/strong><\/p>\n","protected":false},"featured_media":1607,"template":"","meta":[],"_links":{"self":[{"href":"https:\/\/healthyoriginsbrasil.com.br\/loja\/wp-json\/wp\/v2\/product\/965"}],"collection":[{"href":"https:\/\/healthyoriginsbrasil.com.br\/loja\/wp-json\/wp\/v2\/product"}],"about":[{"href":"https:\/\/healthyoriginsbrasil.com.br\/loja\/wp-json\/wp\/v2\/types\/product"}],"wp:featuredmedia":[{"embeddable":true,"href":"https:\/\/healthyoriginsbrasil.com.br\/loja\/wp-json\/wp\/v2\/media\/1607"}],"wp:attachment":[{"href":"https:\/\/healthyoriginsbrasil.com.br\/loja\/wp-json\/wp\/v2\/media?parent=965"}],"curies":[{"name":"wp","href":"https:\/\/api.w.org\/{rel}","templated":true}]}}